{"id":5287,"date":"2017-03-13T17:47:48","date_gmt":"2017-03-13T17:47:48","guid":{"rendered":"https:\/\/catchbiz.com\/?page_id=5287"},"modified":"2023-06-24T16:09:30","modified_gmt":"2023-06-24T19:09:30","slug":"consciencia-ambiental","status":"publish","type":"page","link":"https:\/\/friovel.com\/index.php\/consciencia-ambiental\/","title":{"rendered":"Consci\u00eancia Ambiental"},"content":{"rendered":"\n<p>Com a FRIOVEL, voc\u00ea n\u00e3o s\u00f3 encontra servi\u00e7os e produtos de climatiza\u00e7\u00e3o automotiva de qualidade, mas tamb\u00e9m uma empresa comprometida com a conscientiza\u00e7\u00e3o ambiental, a sustentabilidade e os princ\u00edpios ESG (Ambiental, Social e Governan\u00e7a). ESG \u00e9 um conjunto de crit\u00e9rios que avalia o desempenho das empresas em rela\u00e7\u00e3o aos aspectos ambientais, sociais e de governan\u00e7a corporativa.<br><br>Ao longo de mais de 40 anos de hist\u00f3ria, entendemos a import\u00e2ncia de adotar pr\u00e1ticas respons\u00e1veis em rela\u00e7\u00e3o ao meio ambiente. Desde o descarte adequado de pe\u00e7as e materiais utilizados at\u00e9 a busca por op\u00e7\u00f5es mais sustent\u00e1veis e a redu\u00e7\u00e3o do consumo de energia e emiss\u00e3o de poluentes, a FRIOVEL est\u00e1 comprometida em fazer a diferen\u00e7a em prol do meio ambiente.<\/p>\n\n\n\n<p><\/p>\n\n\n\n<p><\/p>\n","protected":false},"excerpt":{"rendered":"<p>Com a FRIOVEL, voc\u00ea n\u00e3o s\u00f3 encontra servi\u00e7os e produtos de climatiza\u00e7\u00e3o automotiva de qualidade, mas tamb\u00e9m uma empresa comprometida com a conscientiza\u00e7\u00e3o ambiental, a<span class=\"more-button\"><a href=\"https:\/\/friovel.com\/index.php\/consciencia-ambiental\/\" class=\"more-link\">Continue Lendo<span class=\"screen-reader-text\">Consci\u00eancia Ambiental<\/span><\/a><\/span><\/p>\n","protected":false},"author":1,"featured_media":5972,"parent":0,"menu_order":0,"comment_status":"closed","ping_status":"closed","template":"","meta":{"_themeisle_gutenberg_block_has_review":false,"footnotes":""},"class_list":["post-5287","page","type-page","status-publish","has-post-thumbnail","hentry"],"_links":{"self":[{"href":"https:\/\/friovel.com\/index.php\/wp-json\/wp\/v2\/pages\/5287","targetHints":{"allow":["GET"]}}],"collection":[{"href":"https:\/\/friovel.com\/index.php\/wp-json\/wp\/v2\/pages"}],"about":[{"href":"https:\/\/friovel.com\/index.php\/wp-json\/wp\/v2\/types\/page"}],"author":[{"embeddable":true,"href":"https:\/\/friovel.com\/index.php\/wp-json\/wp\/v2\/users\/1"}],"replies":[{"embeddable":true,"href":"https:\/\/friovel.com\/index.php\/wp-json\/wp\/v2\/comments?post=5287"}],"version-history":[{"count":7,"href":"https:\/\/friovel.com\/index.php\/wp-json\/wp\/v2\/pages\/5287\/revisions"}],"predecessor-version":[{"id":5986,"href":"https:\/\/friovel.com\/index.php\/wp-json\/wp\/v2\/pages\/5287\/revisions\/5986"}],"wp:featuredmedia":[{"embeddable":true,"href":"https:\/\/friovel.com\/index.php\/wp-json\/wp\/v2\/media\/5972"}],"wp:attachment":[{"href":"https:\/\/friovel.com\/index.php\/wp-json\/wp\/v2\/media?parent=5287"}],"curies":[{"name":"wp","href":"https:\/\/api.w.org\/{rel}","templated":true}]}}